?
4
What is the hundreds digit of 5266?
2
What is the thousands digit of 3599?
3
What is the thousands digit of 49145?
9
What is the hundreds digit of 74163?
1
What is the thousands digit of 9959?
9
What is the hundreds digit of 4980?
9
What is the hundreds digit of 4538?
5
What is the hundreds digit of 2997?
9
What is the thousands digit of 102066?
2
What is the ten thousands digit of 11168?
1
What is the thousands digit of 23131?
3
What is the units digit of 18436?
6
What is the tens digit of 1223?
2
What is the units digit of 248?
8
What is the tens digit of 990?
9
What is the thousands digit of 2819?
2
What is the units digit of 977?
7
What is the hundreds digit of 166091?
0
What is the thousands digit of 15180?
5
What is the hundreds digit of 952?
9
What is the units digit of 6759?
9
What is the tens digit of 6914?
1
What is the tens digit of 5879?
7
What is the hundreds digit of 142?
1
What is the units digit of 8132?
2
What is the ten thousands digit of 80262?
8
What is the hundreds digit of 18177?
1
What is the thousands digit of 37587?
7
What is the hundreds digit of 892?
8
What is the units digit of 2427?
7
What is the units digit of 9437?
7
What is the units digit of 666?
6
What is the hundreds digit of 340?
3
What is the tens digit of 82671?
7
What is the hundreds digit of 128064?
0
What is the ten thousands digit of 38511?
3
What is the tens digit of 38846?
4
What is the units digit of 85811?
1
What is the hundreds digit of 583?
5
What is the hundreds digit of 123324?
3
What is the tens digit of 1514?
1
What is the tens digit of 826?
2
What is the units digit of 275?
5
What is the hundreds digit of 3681?
6
What is the hundreds digit of 21949?
9
What is the tens digit of 89537?
3
What is the thousands digit of 9121?
9
What is the hundreds digit of 2106?
1
What is the hundreds digit of 12092?
0
What is the hundreds digit of 50232?
2
What is the tens digit of 19989?
8
What is the units digit of 68221?
1
What is the thousands digit of 3774?
3
What is the units digit of 2569?
9
What is the tens digit of 10322?
2
What is the tens digit of 5339?
3
What is the hundreds digit of 8928?
9
What is the units digit of 1565?
5
What is the tens digit of 642?
4
What is the tens digit of 23917?
1
What is the units digit of 10487?
7
What is the tens digit of 3091?
9
What is the hundreds digit of 43241?
2
What is the units digit of 17?
7
What is the thousands digit of 1529?
1
What is the ten thousands digit of 12651?
1
What is the units digit of 37131?
1
What is the thousands digit of 7958?
7
What is the thousands digit of 9001?
9
What is the units digit of 97665?
5
What is the hundreds digit of 2269?
2
What is the tens digit of 1403?
0
What is the hundreds digit of 225?
2
What is the units digit of 55908?
8
What is the tens digit of 18?
1
What is the units digit of 213?
3
What is the units digit of 5857?
7
What is the hundreds digit of 14665?
6
What is the thousands digit of 66408?
6
What is the units digit of 889?
9
What is the thousands digit of 21230?
1
What is the tens digit of 59772?
7
What is the hundred thousands digit of 111702?
1
What is the tens digit of 320?
2
What is the units digit of 168?
8
What is the hundreds digit of 4500?
5
What is the hundreds digit of 813?
8
What is the ten thousands digit of 13320?
1
What is the hundreds digit of 587?
5
What is the tens digit of 3449?
4
What is the thousands digit of 73388?
3
What is the tens digit of 606?
0
What is the units digit of 13095?
5
What is the hundreds digit of 5410?
4
What is the hundreds digit of 27725?
7
What is the hundreds digit of 44877?
8
What is the units digit of 289?
9
What is the units digit of 3083?
3
What is the thousands digit of 25890?
5
What is the ten thousands digit of 38148?
3
What is the tens digit of 9166?
6
What is the ten thousands digit of 16130?
1
What is the thousands digit of 2567?
2
What is the tens digit of 76118?
1
What is the units digit of 465?
5
What is the ten thousands digit of 81506?
8
What is the thousands digit of 1910?
1
What is the units digit of 28397?
7
What is the ten thousands digit of 30683?
3
What is the hundred thousands digit of 151086?
1
What is the thousands digit of 2520?
2
What is the thousands digit of 12596?
2
What is the ten thousands digit of 30745?
3
What is the tens digit of 7208?
0
What is the tens digit of 17918?
1
What is the tens digit of 25177?
7
What is the tens digit of 698?
9
What is the thousands digit of 44499?
4
What is the units digit of 6799?
9
What is the tens digit of 2285?
8
What is the hundreds digit of 2890?
8
What is the hundreds digit of 32137?
1
What is the tens digit of 1349?
4
What is the tens digit of 1774?
7
What is the hundreds digit of 23786?
7
What is the thousands digit of 214008?
4
What is the ten thousands digit of 63177?
6
What is the thousands digit of 6135?
6
What is the units digit of 8614?
4
What is the units digit of 273?
3
What is the units digit of 96?
6
What is the hundreds digit of 3546?
5
What is the thousands digit of 83353?
3
What is the tens digit of 12617?
1
What is the hundreds digit of 3412?
4
What is the thousands digit of 7569?
7
What is the thousands digit of 1533?
1
What is the hundreds digit of 39940?
9
What is the tens digit of 386?
8
What is the tens digit of 973?
7
What is the hundreds digit of 200?
2
What is the units digit of 52805?
5
What is the units digit of 136?
6
What is the thousands digit of 139875?
9
What is the units digit of 226?
6
What is the ten thousands digit of 11677?
1
What is the units digit of 97?
7
What is the thousands digit of 39008?
9
What is the units digit of 1946?
6
What is the tens digit of 6657?
5
What is the thousands digit of 1104?
1
What is the units digit of 981?
1
What is the thousands digit of 1325?
1
What is the thousands digit of 1466?
1
What is the thousands digit of 17458?
7
What is the thousands digit of 39842?
9
What is the units digit of 202?
2
What is the tens digit of 115?
1
What is the thousands digit of 4483?
4
What is the thousands digit of 24448?
4
What is the tens digit of 113852?
5
What is the hundreds digit of 265?
2
What is the units digit of 5703?
3
What is the hundreds digit of 1156?
1
What is the tens digit of 54375?
7
What is the tens digit of 1250?
5
What is the tens digit of 335?
3
What is the tens digit of 28088?
8
What is the ten thousands digit of 18875?
1
What is the hundreds digit of 4707?
7
What is the hundreds digit of 1890?
8
What is the tens digit of 1358?
5
What is the thousands digit of 9048?
9
What is the hundreds digit of 780?
7
What is the thousands digit of 95174?
5
What is the units digit of 36836?
6
What is the ten thousands digit of 140537?
4
What is the tens digit of 15653?
5
What is the thousands digit of 17401?
7
What is the thousands digit of 112253?
2
What is the ten thousands digit of 11663?
1
What is the hundreds digit of 55324?
3
What is the thousands digit of 2488?
2
What is the units digit of 4902?
2
What is the ten thousands digit of 10065?
1
What is the units digit of 207?
7
What is the tens digit of 5569?
6
What is the ten thousands digit of 20961?
2
What is the thousands digit of 37476?
7
What is the hundreds digit of 3350?
3
What is the hundreds digit of 32659?
6
What is the thousands digit of 2041?
2
What is the tens digit of 61?
6
What is the ten thousands digit of 24863?
2
What is the thousands digit of 2783?
2
What is the units digit of 12786?
6
What is the hundreds digit of 575?
5
What is the hundreds digit of 726?
7
What is the hundreds digit of 1235?
2
What is the thousands digit of 7874?
7
What is the hundreds digit of 22352?
3
What is the hundreds digit of 702?
7
What is the hundreds digit of 4763?
7
What is the thousands digit of 3520?
3
What is the thousands digit of 11399?
1
What is the ten thousands digit of 21075?
2
What is the tens digit of 17995?
9
What is the tens digit of 161?
6
What is the tens digit of 5508?
0
What is the units digit of 1021?
1
What is the tens digit of 58549?
4
What is the tens digit of 4834?
3
What is the units digit of 1182?
2
What is the hundreds digit of 3229?
2
What is the units digit of 1889?
9
What is the hundreds digit of 124?
1
What is the tens digit of 2365?
6
What is the units digit of 81211?
1
What is the tens digit of 1019?
1
W